 Let y be p(-7). Suppose 4*g = -y*s + 888, 5*s + 2*g + 2*g - 1114 = 0. Is s a composite number?
True
Let w be 7/(-7) + 45/(-1). Let j = -15 - w. Is j prime?
True
Let v = 14 + -14. Is (v + (-2)/2)*-133 prime?
False
Is -21 + 240 + 3/(6/4) a composite number?
True
Let j = 22 - 16. Is j/(-8)*(-7 + 3) prime?
True
Let n(c) = 0*c + 0*c + 21*c**2 - 1 + 2*c. Let v be 18/12*(-12)/9. Is n(v) prime?
True
Suppose 12 = -3*z, -7*m + 2*m - 3*z = -8653. Is m a composite number?
False
Let f(b) = 3*b. Let o = 4 - 3. Let m be f(o). Suppose 87 = u - k, -4*u + 443 = u - m*k. Is u prime?
False
Let v(t) = 9*t**2 + 2*t - 5. Is v(-6) a composite number?
False
Let l(p) = p**2 - 5*p + 3. Let h be l(5). Let g(f) = 9*f**3 - 5*f**2 + 4*f + 1. Is g(h) a composite number?
False
Let v be 1 + (3/3)/1. Suppose 2*k + 72 = -v*k. Let o = k + 39. Is o prime?
False
Let h(g) = 20*g + 17. Is h(16) a composite number?
False
Let r(s) = s. Let z be r(2). Suppose 3*x + 2*y = 87, 7*x - z*y - 130 = 3*x. Is x composite?
False
Let d(t) = 40*t**3 + 3*t - 2. Is d(3) prime?
True
Suppose -4*j + 29396 = -3*y + 8*y, -5*j + 36745 = -4*y. Is j a prime number?
True
Suppose -4*t - 1464 = -i - 3*t, -7280 = -5*i - 3*t. Is i composite?
False
Suppose -914 = -2*t + 9748. Is t prime?
False
Let v(x) = -13*x**3 + 2*x**2 - x + 1. Let b(d) = -d + 2. Let u be b(4). Is v(u) a composite number?
True
Let o(m) = 288*m**3 - 3*m**2 + 14*m + 3. Let n(p) = 96*p**3 - p**2 + 5*p + 1. Let q(z) = 11*n(z) - 4*o(z). Is q(-1) composite?
False
Let f(z) = 3 + 1 + 3*z + z**2 - 2. Let s be f(-3). Suppose -s*j + 2*k = -82, 2*j - 52 = -k + 18. Is j prime?
True
Let j(k) = k**2 + 16*k + 3. Let t be j(-7). Let x = -19 - t. Suppose 4 = -p + x. Is p prime?
True
Let y = 235 - 86. Is y composite?
False
Suppose o - 158 = -64. Is o a prime number?
False
Suppose i = 0, -3*x + 414 = -i + 4*i. Suppose -x = n - 5*n - 2*y, -180 = -5*n + 5*y. Is n a prime number?
False
Let l be 2/4 - (-14)/(-4). Let x be l/9*0 + 0. Suppose x*j = -j + 97. Is j prime?
True
Let d be 2 - -1 - (-2 + 1). Let y be 12/(-16)*d/(-1). Suppose -y*s = s - 8. Is s a composite number?
False
Let q be (-23)/(-1) + 2 + -4. Suppose -g + q = 2*g. Is g composite?
False
Let t(r) = 2*r**3 + r**2 - 2*r. Let q be t(2). Let n = q - -127. Is n a composite number?
True
Let n(k) = 6*k**2 - 5*k + 1. Let x be n(-4). Suppose 0 = -4*i + x + 31. Is i a composite number?
False
Let a(r) = 14*r**3 - r**2 - r - 4. Let k(d) = 5*d**3 - 1. Let g(u) = -4*a(u) + 11*k(u). Let c be g(6). Let l = 68 + c. Is l prime?
False
Suppose -j = -3*l + 7*l - 11, 0 = 3*l - 6. Suppose 2*k - j = k. Is k a prime number?
True
Let j be 2/2 - 2 - 1. Let m(q) = -2*q - 8. Let x be m(-6). Is (14/x)/(j/(-8)) prime?
False
Let y(i) = -i**2 - 4*i - i**3 + 7 + 5*i**2 + 0*i + 2*i**3. Let k be y(-5). Is 1/(-3)*(-90)/k composite?
True
Let p(y) = y**3 - 6*y**2 + 8*y - 11. Is p(6) prime?
True
Let n(m) = 147*m - 1. Let c be n(1). Let l = -89 + c. Is l a composite number?
True
Suppose d - t - 217 = -1, -4*t - 8 = 0. Is d a composite number?
True
Suppose 0 = 4*g - 3*z - 4 + 11, 0 = 5*g + z - 15. Let m be 0/(3/(3/g)). Suppose 0 = -0*f + 5*f - 2*y - 32, m = 4*f - 2*y - 26. Is f a composite number?
True
Suppose 0 = -4*y + 4945 - 773. Is y a prime number?
False
Let b(n) be the third derivative of 1/6*n**3 + 1/30*n**5 - 1/24*n**4 + 0*n - 3*n**2 + 0. Is b(-3) prime?
False
Let f(u) = 25*u - 1. Let q be f(1). Is 33*(q/9 - 1) a prime number?
False
Is (9 - 3)*(-148)/(-8) a composite number?
True
Let c = 417 + 52. Let z = c - 252. Is z a prime number?
False
Let b(s) = -4 - 13*s**2 - 1 + 2*s**3 + 9*s - 6*s**3. Let h(g) = -3*g**3 - 12*g**2 + 9*g - 4. Let m(v) = -4*b(v) + 5*h(v). Is m(7) a prime number?
False
Suppose -x - 2 = 3*p - 24, x - 14 = -5*p. Is x composite?
True
Suppose 18*u = 13*u + 395. Is u composite?
False
Let z = -485 + 744. Is z a composite number?
True
Let j(a) = 111*a**2 + a + 1. Let g be j(-1). Suppose 4*u - g = 61. Is u prime?
True
Let s = 198 - 136. Is s a composite number?
True
Suppose 0 = -4*c - 2*n - 178, -4*c + 3*n - 88 = 105. Let b be (3/6)/(1/166). Let y = b + c. Is y composite?
False
Suppose 0 = -2*o + 180 - 62. Suppose 0 = 2*p + p + 72. Let u = o + p. Is u composite?
True
Let z = -724 - -1985. Suppose -f + 117 = -4*u - 126, -3*u = 5*f - z. Is f a composite number?
False
Let s = 265 + -177. Let u = 18 + -18. Suppose 4*m - 3*n - s = u, 5*m - 129 = -0*n - n. Is m prime?
False
Let z(a) = 12*a**2 + 3*a + 11. Let q(o) = -11*o**2 - 4*o - 10. Let r(x) = -4*q(x) - 3*z(x). Is r(6) composite?
False
Let u = 79 + 134. Is u composite?
True
Let z = 2 - -2. Is (z/8)/((-1)/(-1382)) composite?
False
Let s(i) = -3*i**2 + 5*i + 3. Let a be s(2). Suppose -2*o + 4*o = 2. Is o + -2 - -20*a composite?
False
Let y(k) = -8*k + 97. Is y(0) a composite number?
False
Let o = -946 + 1635. Is o a prime number?
False
Suppose -4*x = -0*x + 16, 4*r - 1348 = -2*x. Suppose -2*q + r = -35. Is q a prime number?
False
Suppose -q - 22 = 39. Let z = q + 130. Is z - (-6)/2 - 1 a prime number?
True
Is 10/25 - 4389/(-15) a composite number?
False
Let d(m) = -m**3 - 4*m**2 - 2*m + 3. Let v be d(-3). Suppose -l + v*l + 57 = 0. Is l a composite number?
True
Is (-2 + -776)*(-1 + 0) prime?
False
Let i be -2 - (4/1)/(-2). Suppose i*s = -2*s + a - 10, 2*a - 5 = -s. Let d = s + 14. Is d composite?
False
Let i = -182 - -316. Is i a composite number?
True
Suppose 4 = -0*z + 2*z. Suppose 4*i - 486 = 4*x - x, -z*i = -3*x - 240. Is i a prime number?
False
Let r(q) = q + 15. Let t(m) = -m**3 + m**2 + 3*m - 1. Let j be t(2). Let w be j/3 + (-2)/6. Is r(w) a composite number?
True
Let z(y) = -y - 4 - 2 - 3*y. Let u be z(-5). Suppose 24 + u = 2*a. Is a composite?
False
Suppose 0*c - 250 = -5*c. Suppose 2*y + c = 564. Is y composite?
False
Suppose 30 = -0*j + 4*j + 2*a, 31 = 4*j + 3*a. Suppose -3*p - 5*c + j = 0, -2 = -c - 0. Let i(r) = -5*r**3 + r**2 + r + 1. Is i(p) prime?
False
Suppose -a + 1 = -2. Let y be -1*(-6)/a - 11. Is y*(-3)/((-27)/(-111)) a composite number?
True
Let l(c) = c + 7. Let b be l(-5). Suppose -b*w = -3*w + 2. Is 226/6 - w/3 a prime number?
True
Is (-74)/(-3) + 2/6 a composite number?
True
Let j(v) = v**2 - v + 39. Suppose 4*b + 3*t - 18 = 4*t, -2*t = 4*b - 24. Suppose b*s + 4 = i, -s = -4*i - 6 + 22. Is j(s) a prime number?
False
Let g(f) = 5*f - 2. Let a be g(1). Suppose -d + 0*d + 154 = 5*w, -2*w = a*d - 527. Is d prime?
True
Suppose 0*p = 3*p - 153. Is p a prime number?
False
Let u(l) = 16 - 3 - 9*l + 13*l - 6*l. Is u(0) prime?
True
Let h be (-1)/((-1)/(-12)) - -1. Let m(u) = -u - 1. Is m(h) composite?
True
Suppose 6*w = w - 115. Let h = w + 69. Is h a prime number?
False
Let k(u) = 61*u + 1. Let y be k(3). Is ((-3)/(-2))/(4/y) a composite number?
True
Let g = -6 + 4. Let a be g*(-5)/((-15)/(-12)). Is (-1)/(-4) + 390/a prime?
False
Is ((-1691)/(-38))/(2/212) a prime number?
False
Suppose -v - 25 = -6*v. Suppose v*k - 584 - 501 = 0. Is k a prime number?
False
Let f = 224 + 67. Is f a prime number?
False
Let m = 113 - 38. Suppose -3*d - r + m = r, -3*d + 63 = -2*r. Is d a prime number?
True
Let b be (-2)/8 - (-210)/(-24). Let g = b + 19. Is g a prime number?
False
Let d(l) = 29*l**2 - 17*l - 9. Is d(8) composite?
True
Let i(l) = -57*l**2 + 4*l. Let o be i(3). Let z = o - -766. Is z composite?
True
Let c(l) = -3*l + 1. Let y be c(1). Is 2*-77*1/y a prime number?
False
Let y be 0/(-2)*(-2)/(-4). Suppose -5*h = -y*h + 2*a - 387, -5*h + a = -399. Is h prime?
True
Let z(j) = j**3 - j**2 - 4*j + 4. Suppose m = -4*m + 15. Let h be z(m). Let q = h - -36. Is q a prime number?
False
Let r(q) = 14*q**3 + 4*q**2 - 2*q + 3. Is r(7) a prime number?
True
Is (5 + -3)/((-6)/(-12273)) composite?
False
Suppose 0 = 6*a - 4*a. Suppose -m - 296 = -2*u, -m + 296 = 2*u - a*m. Suppose 5*h = t - 2*t + 45, u = 4*t + 4*h. Is t composite?
True
Let l(i) = -i**3 + i**2 - 7. Let h be l(-5). Suppose 2*k - k - 3*u = h, -u - 461 = -3*k. Suppose -4*o + 4*f + 668 = 0, -o + 0*o = 2*f - k. Is o a prime number?
True
Suppose 298 - 1462 = -4*c + 2*a, -20 = 5*a. Is c a composite number?
True
Suppose 0 = -2*l - 2*l + 236. Is l a prime number?
True
Let a(l) = -34*l + 1. Let s(m) = m - 7. Let r be s(6). Is a(r) a prime number?
False
Let i(z) be the third derivative of z**5/12 - z**4/24 + z**3/2 - 4*z**2. Le